*3 - 10*x**2 + 2*x + 9. Let v be p(-10). Is s(v) a composite number?
False
Let l = 45 + -31. Let t = -2 + l. Is 8128/12 + (-4)/t a composite number?
False
Let v = -154097 + 459716. Is v composite?
True
Is 7 - -334233 - (6 - 8) - (0 + -5) composite?
False
Suppose 45*g + 30569 - 1860539 = 0. Is g composite?
True
Suppose -7*m + 71 - 64 = 0, 2*q = -3*m + 11. Suppose 5*a - 253 = -48. Suppose a - 845 = -q*v. Is v a prime number?
False
Let o = -487 - -765. Let f = 779 + -776. Suppose 4*q = f*n + 523, 3*q + 4*n = o + 83. Is q a prime number?
True
Let j(x) = 3568*x + 7. Suppose 3 = -5*s + 23. Is j(s) prime?
False
Let v = -11093 + 141822. Is v a composite number?
False
Suppose 168 = 4*h - 0*a + a, 0 = 5*a. Let f(k) = 9*k - 599. Let l be f(43). Let q = h - l. Is q a composite number?
True
Let p = 13186 - -5351. Let k = p + -4378. Is k a prime number?
True
Suppose -20 = -11*j - 20. Suppose -4*t - 10969 + 39845 = j. Is t a composite number?
False
Let i(l) = 39140*l**2 - 89*l - 19. Is i(2) a prime number?
False
Is (-9850582)/(-16) + 93/(-248) composite?
False
Let t(l) = -l**2 + 32*l - 75*l - 21 + 65*l. Let m be t(19). Is 3/1*5604/m composite?
False
Let p be -3 - 10077*5/(-3). Suppose -10*a = -31038 - p. Is a a prime number?
True
Suppose -4*t - 31 = -39. Suppose t*s = -2*v + 4874, -2*s - 5*v - 4874 = -4*s. Is s prime?
True
Is 238318*(156/(-858))/((4/11)/(-1)) a prime number?
True
Suppose 4 = -4*v + 4. Let k be (v + -2)*4/(-8). Is (-2 + k)/((-354)/353 + 1) a composite number?
False
Let u(g) = -82*g + 5. Let o(m) = -82*m + 6. Let h(b) = 6*o(b) - 7*u(b). Suppose 18*j - 23*j + 5 = 0. Is h(j) a composite number?
False
Let l be 3268876/39 + 2/3. Suppose -8*f - 12434 + l = 0. Is f composite?
False
Let b = -2883 - -7000. Let k = b - 2906. Is k a prime number?
False
Let o(k) = 682*k + 21. Suppose 84*z - 53*z - 155 = 0. Is o(z) a composite number?
True
Let q(s) = -12*s**2 - 3*s. Let f be q(4). Let g be ((-346)/(-4))/(6/f). Is 4/8 - g/2 a prime number?
True
Let g(a) = -76*a**3 + 6*a**2 - 14*a + 9. Let u(m) = -379*m**3 + 30*m**2 - 71*m + 43. Let i(b) = -11*g(b) + 2*u(b). Is i(4) a prime number?
True
Suppose -2*g + 571 + 29 = 0. Let s = 636 - -563. Let q = s + g. Is q a prime number?
True
Let q(p) = -p**3 + 11*p**2 + 12*p + 11. Let u be q(12). Let o be (-6)/8 + u/4. Is (1407 + (3 - 4))/o composite?
True
Is 190514/(-2)*(-22)/(-220)*-10 composite?
False
Let i be 0 - ((-2 - 2) + 5). Let k(v) = -v + 1. Let o be k(i). Suppose -o*a + 3 = -3*a, -5*g - 2*a + 169 = 0. Is g a composite number?
True
Let q be ((-45)/30)/(2/48*-1). Suppose -q*v + 45*v - 69588 = 0. Suppose 3*p - b - 4640 = 0, 0*b - b - v = -5*p. Is p a prime number?
False
Suppose -5*u - 3*h = -3122419, -3*u = -376*h + 374*h - 1873459. Is u composite?
True
Let t = -28521 + 107278. Is t a prime number?
False
Let b be 21584/10 - 15/(-25). Suppose -7*a - b = -24*a. Is a a prime number?
True
Suppose b - 5*r = 2704765, -246*b + 4*r + 5409578 = -244*b. Is b a prime number?
False
Let o = 85 - 157. Is (3/2)/(o/(-47760)) a composite number?
True
Let j(z) = 26*z**2 - 60*z + 689. Is j(-33) composite?
False
Let n(u) = 337*u**3 - 17*u**2 + 36*u + 11. Is n(12) composite?
False
Suppose -3*f - 3*o = 2*o, -3*f + o = -18. Let y be (-2 - -1)*(f - (12 - 0)). Suppose -y*i + 6*i + 1973 = 0. Is i a prime number?
True
Let f be (11 + (-1 - -5))/3. Suppose -f*s + 2150 + 3715 = 0. Suppose m = -2*m + s. Is m a composite number?
True
Let l = -291 + 296. Suppose 0*j + 2*j - 5*z - 15258 = 0, 3*z = l*j - 38183. Is j a composite number?
False
Let k be (-55070)/((5 - 4)*(-1 - -3)). Is (0 - k/5)/((-2)/(-2)) composite?
False
Suppose -u = -r - 4*r - 5056, 2*r = -4*u + 20180. Let b = 2462 + -2458. Suppose b*n + 0*n - 4*d = 4032, 5*n + d = u. Is n composite?
False
Let h(l) = 315*l + 212*l - 164*l + 27. Let t be h(-5). Is 14/(-4)*t/6 a composite number?
True
Let i(l) = -7*l**3 - 63*l**2 + 13*l - 373. Is i(-28) a composite number?
True
Let a = 29249 + -17528. Is a a prime number?
False
Suppose 11*g - 16 = 3*g. Let w(n) = 253*n**3 - 4*n**2 + 4*n - 2. Let p be w(g). Suppose -d + 501 = s, -4*s - d + 2*d + p = 0. Is s composite?
False
Suppose 4*a = 4*r + 5899306 - 1072162, 0 = -a - 3*r + 1206814. Is a composite?
True
Let r = 9206 - -36455. Is (-1 + r/(-21))/(2/(-3)) a prime number?
False
Suppose -348*s + 4069509 + 4814509 = 814246. Is s a prime number?
True
Let v = -405 + 166. Let q = -439 - v. Is (-327425)/q - 2/(-32)*-2 a composite number?
False
Suppose 4*w = -5*g + 3*w - 185, 3*g - w = -111. Let u = g - -57. Is ((-1735)/u)/(1/(-4)) composite?
False
Let r = -467 + 462. Let c(o) = -1025*o - 48. Is c(r) composite?
False
Is (-2)/(-6) - 11969*44/(-33) a composite number?
False
Let y(v) = v**2 + 7*v - 6. Let c be y(-9). Suppose -4*r + c = -16. Suppose 6159 = -4*w + r*w. Is w prime?
True
Suppose -2*g + 41 = 3*t, -4*g + 13 = -3*g + 4*t. Suppose 20856 = 9*i - 5*i. Is 5/g - i/(-5) a composite number?
True
Let t(d) = 67*d**2 + 6*d - 7. Let q(x) = -2*x + 14. Let h be q(1). Is t(h) a prime number?
False
Let j = -10 + 17. Suppose 0 = 5*q - j*q - 8*q. Is q - (8/(-2) - 993) prime?
True
Is 25/15 + 3 + (-85658)/(-6) composite?
False
Let f = 1370760 + -462002. Is f a prime number?
False
Let k = 1788 + 88865. Is k composite?
True
Let s(h) = 5*h. Let r(g) = 36*g. Let d(n) = 2*r(n) - 15*s(n). Let j be d(1). Is j - (-28)/(-6)*-48 composite?
True
Let r be 1*(10 - (-2)/(2/(-3))). Suppose -40 = -r*c - c. Suppose -b = -3*p - 1712, -5178 = -c*b + 2*b - 5*p. Is b a composite number?
False
Suppose -5*z + z + 4*h - 12 = 0, 0 = 3*z - 4*h + 7. Is (5 - -7829) + -2 + z a composite number?
True
Suppose 0 = -3*a + 5*y + 39, -2*a + 0*a + 28 = -4*y. Let u = 87 + a. Is u composite?
True
Suppose -9*g = 69558 + 120945. Is (g + 13)/(1 - 3) composite?
True
Let r be (-6)/30 - (-36630)/25. Suppose -4*g + 2*j + r = g, 5*g = 5*j + 1465. Is g a prime number?
True
Suppose 23 = h + 3*g, -6*g - 122 = -4*h - 3*g. Suppose 35*n - 9822 = h*n. Is n composite?
False
Let r(w) = -5049*w + 2. Let o = 482 - 483. Is r(o) composite?
False
Let z(j) = -232*j + 8. Let t be z(-4). Suppose -2750 + t = -v. Is v composite?
True
Let p(o) = -3*o**3 + 3*o**2 - 5*o + 4. Let s be p(-3). Suppose s = 9*c - 29960. Is c prime?
True
Let x(g) = -27*g**2 - 18*g - 11. Let y(q) = 80*q**2 + 55*q + 32. Let o(a) = 17*x(a) + 6*y(a). Is o(4) composite?
True
Let h(x) = 27*x**2 - x - 17. Let j be h(6). Suppose -1747 = 4*z + j. Let m = z - -1371. Is m a prime number?
False
Let t = 42773 + 55366. Is t a composite number?
True
Let u = 97 + -56. Let p(q) = -3*q**2 + 7*q + 109. Let n be p(6). Suppose n*s - 154 = u*s. Is s a composite number?
True
Suppose 0 = -5*r + 4*x + 750937, -13*r + 750930 = -8*r - 5*x. Is r composite?
False
Let l = 80616 - 55967. Suppose -2*k + 5082 + 7235 = 3*f, 4*k + f = l. Is k a composite number?
False
Suppose -4*i - i + 3890 = 0. Suppose 5*z = 4*d - 1496, d + d - i = -5*z. Suppose 4*v = -d + 1439. Is v composite?
True
Let s be 0*4/(-12)*-3. Suppose s = -13*f + 8*f + 4705. Is f prime?
True
Suppose -3*k = -3*n + 27, -3*n + 2*k = -0*n - 27. Is 11877/n + 10/(-15) prime?
True
Let w = 283 - 280. Suppose 6351 + 21030 = w*s. Is s a prime number?
True
Let p be 111/(-4*12/(-16)). Let o = -1065 - -2351. Let j = o - p. Is j composite?
False
Let g(z) = 147813*z**2 - 20*z + 2. Let f be g(2). Suppose 18*a = -8*a + f. Is a a prime number?
True
Let o be 16/(-6)*(-16 - (-366)/24). Let d(k) = k + 5. Let u be d(-3). Suppose b = -o*m + 503, 2*m + 0*b - u*b = 500. Is m composite?
False
Suppose 163505 - 2530872 = -23*j. Is j composite?
False
Let g(v) = -239*v**3 - 4*v**2 + 110*v + 461. Is g(-4) a composite number?
True
Suppose -4*d = 5*f - 484, 9*d = 6*d - f + 352. Let b be d/87*582*(-6)/(-8). Suppose 0 = 12*y - 10*y - b. Is y composite?
True
Suppose 27*b - 30*b + 34743 = 0. Suppose 3*c = -t - 108 + 2414, 5*t - b = 2*c. Is t prime?
False
Suppose -568*y + 539*y + 138742873 = 0. Is y prime?
True
Let h be (4/3)/(-3 - (-24)/9). Let o = 17 - 29. Is (-20802)/o - (-1 + 2/h) prime?
False
Suppose -2629 = 14*i + 806 + 401. Let o be 2 + (2 - 461 - 2). Let y = i - o. Is y prime?
False
Let h be 33024/(-20) + 5/50*2. Let x = 2772 - h. Is x prime?
True
Let z(n) be the second derivative of n**5/4 - 5*n**4/3 - 3*n**2 - 5*n + 8. Is z(9) prime?
False
Let i = -48 + 